{"id":8,"date":"2025-08-13T07:48:27","date_gmt":"2025-08-13T07:48:27","guid":{"rendered":"http:\/\/turdav.com.tr\/?page_id=8"},"modified":"2025-08-13T07:48:27","modified_gmt":"2025-08-13T07:48:27","slug":"hakkimizda","status":"publish","type":"page","link":"http:\/\/turdav.com.tr\/?page_id=8","title":{"rendered":"Hakk\u0131m\u0131zda"},"content":{"rendered":"\n<div class=\"wp-block-cover alignfull is-light has-contrast-color has-text-color has-link-color wp-elements-b0f4393a43e110cc2fbfec120ab4234e\" style=\"margin-top:0;margin-bottom:0;padding-top:var(--wp--preset--spacing--60);padding-right:var(--wp--preset--spacing--50);padding-bottom:var(--wp--preset--spacing--60);padding-left:var(--wp--preset--spacing--50)\"><span aria-hidden=\"true\" class=\"wp-block-cover__background has-base-background-color has-background-dim-100 has-background-dim\"><\/span><div class=\"wp-block-cover__inner-container has-global-padding is-layout-constrained wp-container-core-cover-is-layout-873ee6b1 wp-block-cover-is-layout-constrained\">\n<div class=\"wp-block-columns alignwide is-layout-flex wp-container-core-columns-is-layout-7ee84d44 wp-block-columns-is-layout-flex\">\n<div class=\"wp-block-column is-layout-flow wp-block-column-is-layout-flow\" style=\"flex-basis:65%\">\n<div class=\"wp-block-group is-vertical is-content-justification-stretch is-layout-flex wp-container-core-group-is-layout-353c4f5a wp-block-group-is-layout-flex\">\n<h2 class=\"wp-block-heading has-text-align-left\" style=\"font-size:clamp(8.042rem, 8.042rem + ((1vw - 0.2rem) * 21.895), 22rem);font-style:normal;font-weight:300;letter-spacing:-0.03em;line-height:1.4\"><\/h2>\n\n\n\n<p class=\"is-style-text-subtitle is-style-text-subtitle--1\">\u015e\u0130RKET\u0130M\u0130Z\u0130N FAAL\u0130YET ALANLARI A\u015eA\u011eIDA \u00d6ZETLENM\u0130\u015eT\u0130R.<\/p>\n\n\n\n<p>1975 y\u0131l\u0131nda kurulan T\u00dcRDAV A\u015e\u2019nin;<\/p>\n\n\n\n<p>1. Yay\u0131n Bilgi Merkezi vard\u0131r. bilmer@turdav.com.tr<\/p>\n\n\n\n<p>&nbsp; &nbsp; \u015eirketimiz (T\u00fcrdav A.\u015e.), T\u00fcrkiye&#8217;deki yay\u0131nc\u0131l\u0131kla ilgili g\u00fcncel bilgi birikiminin sahibidir.&nbsp;<\/p>\n\n\n\n<p>2. Kitap Al\u0131\u015f-Sat\u0131\u015f Merkezi vard\u0131r: kitapsatis@turdav.com.tr<\/p>\n\n\n\n<p>&nbsp; &nbsp; \u015eirketimiz, T\u00fcrkiye\u2019de yay\u0131nlanan ve sat\u0131\u015fta olan b\u00fct\u00fcn kitaplar\u0131n sat\u0131\u015f\u0131n\u0131 (yurt i\u00e7i-d\u0131\u015f\u0131) yapmaktad\u0131r.<\/p>\n\n\n\n<p>3. K\u00fct\u00fcphane Kurma Merkezi vard\u0131r: kutuphane@turdav.com.tr<\/p>\n\n\n\n<p>&nbsp; &nbsp; &nbsp; &nbsp; a. &nbsp;K\u00fct\u00fcphane kurma,<\/p>\n\n\n\n<p>&nbsp; &nbsp; &nbsp; &nbsp; b. &nbsp;Sa\u011flama (kitap, s\u00fcreli yay\u0131n, CD, DVD)<\/p>\n\n\n\n<p>&nbsp; &nbsp; &nbsp; &nbsp; c. &nbsp;Teknik hizmet verme (kataloglama, s\u0131n\u0131flama, sarf malzemesi)<\/p>\n\n\n\n<p>&nbsp; &nbsp; &nbsp; &nbsp; d. &nbsp;Marc21 format\u0131nda kay\u0131t olu\u015fturulmas\u0131, aktar\u0131lmas\u0131 gibi hizmetleri sunabilmektedir.<\/p>\n\n\n\n<p>&nbsp; &nbsp; &nbsp; &nbsp; e. K\u00fct\u00fcphanelere y\u00f6nelik dijital yay\u0131n sat\u0131\u015f\/kiralama program yaz\u0131l\u0131m\u0131 devam etmektedir.<\/p>\n\n\n\n<p>4. Yay\u0131n-Bas\u0131m Ajans Merkezi vard\u0131r: katalog@turdav.com.tr<\/p>\n\n\n\n<p>\u015eirketimiz, yurt i\u00e7i ve yurt d\u0131\u015f\u0131ndan gelen kitap bask\u0131 ve cilt konusundaki ajans tekliflerini almakta ve en uygun fiyatlar ve kalite ile cevap vermektedir.<\/p>\n\n\n\n<p>5. Kendi Yay\u0131n Merkezi vard\u0131r: editor@turdav.com.tr<\/p>\n\n\n\n<p>\u015eirketimiz patentli; Cihan, Elit-K\u00fclt\u00fcr, Karanfil, Gelincik yay\u0131n markalar\u0131n\u0131n sahibidir. Birinci maddede de\u011findi\u011fimiz yay\u0131n kataloglar\u0131ndan ba\u015fka; Ayl\u0131k Sur Dergisi, T\u00fcrkiye Kitap Kaset ve K\u0131rtasiye Katalogu gibi periyodik yay\u0131nlar\u0131n sahibi bulunuyoruz. \u00c7e\u015fitli konularda yay\u0131nlanm\u0131\u015f 430 adet kendi kitap t\u00fcr\u00fcm\u00fcz (konu ba\u015fl\u0131\u011f\u0131) halen sat\u0131\u015ftad\u0131r.<\/p>\n\n\n\n<p class=\"is-style-text-subtitle is-style-text-subtitle--2\">Sonu\u00e7: \u015eirketimizin \u00f6zelli\u011fi, yay\u0131n \u00fcr\u00fcnleri ve piyasas\u0131n\u0131n y\u00f6netiminde kullan\u0131labilecek, g\u00fcncel yay\u0131n bilgi merkezine sahip olmas\u0131 ve 1989 y\u0131l\u0131ndan beri sekt\u00f6re hizmet sunmas\u0131d\u0131r.<\/p>\n<\/div>\n<\/div>\n\n\n\n<div class=\"wp-block-column is-layout-flow wp-block-column-is-layout-flow\" style=\"flex-basis:35%\">\n<div class=\"wp-block-group is-vertical is-content-justification-stretch is-nowrap is-layout-flex wp-container-core-group-is-layout-73b0033c wp-block-group-is-layout-flex\">\n<figure class=\"wp-block-image size-full\"><img loading=\"lazy\" decoding=\"async\" width=\"318\" height=\"450\" src=\"http:\/\/turdav.com.tr\/wp-content\/uploads\/2025\/08\/logo.png\" alt=\"\" class=\"wp-image-6\" srcset=\"http:\/\/turdav.com.tr\/wp-content\/uploads\/2025\/08\/logo.png 318w, http:\/\/turdav.com.tr\/wp-content\/uploads\/2025\/08\/logo-212x300.png 212w\" sizes=\"auto, (max-width: 318px) 100vw, 318px\" \/><\/figure>\n\n\n\n<p class=\"has-text-align-right has-x-large-font-size\" style=\"line-height:1.2\"><\/p>\n<\/div>\n<\/div>\n<\/div>\n<\/div><\/div>\n","protected":false},"excerpt":{"rendered":"","protected":false},"author":1,"featured_media":0,"parent":0,"menu_order":0,"comment_status":"closed","ping_status":"closed","template":"","meta":{"footnotes":""},"class_list":["post-8","page","type-page","status-publish","hentry"],"_links":{"self":[{"href":"http:\/\/turdav.com.tr\/index.php?rest_route=\/wp\/v2\/pages\/8","targetHints":{"allow":["GET"]}}],"collection":[{"href":"http:\/\/turdav.com.tr\/index.php?rest_route=\/wp\/v2\/pages"}],"about":[{"href":"http:\/\/turdav.com.tr\/index.php?rest_route=\/wp\/v2\/types\/page"}],"author":[{"embeddable":true,"href":"http:\/\/turdav.com.tr\/index.php?rest_route=\/wp\/v2\/users\/1"}],"replies":[{"embeddable":true,"href":"http:\/\/turdav.com.tr\/index.php?rest_route=%2Fwp%2Fv2%2Fcomments&post=8"}],"version-history":[{"count":2,"href":"http:\/\/turdav.com.tr\/index.php?rest_route=\/wp\/v2\/pages\/8\/revisions"}],"predecessor-version":[{"id":11,"href":"http:\/\/turdav.com.tr\/index.php?rest_route=\/wp\/v2\/pages\/8\/revisions\/11"}],"wp:attachment":[{"href":"http:\/\/turdav.com.tr\/index.php?rest_route=%2Fwp%2Fv2%2Fmedia&parent=8"}],"curies":[{"name":"wp","href":"https:\/\/api.w.org\/{rel}","templated":true}]}}